. What is the remainder when 11 is divided by f(5)?
3
What is the remainder when (-68*3/15)/(5/(-25)) is divided by 18?
14
Let c(s) = -s**3 + 5*s**2 + 7*s - 3. Let o be c(6). Let q(r) = 3 - 1 + 3*r**o - 5*r**2 + 3*r**2 - 3*r. Calculate the remainder when 22 is divided by q(2).
10
Suppose 0 = -2*z + 26 + 10. What is the remainder when z is divided by 4?
2
Let l(g) = g**2 - 7*g + 5. Let c(t) = -38*t - 3. Let z be c(4). Calculate the remainder when l(8) is divided by (-2)/(-8) - z/20.
5
Let o(x) = x**2 + 6*x. Let m be o(-3). What is the remainder when ((-53)/(-3))/((-3)/m) is divided by 14?
11
Let m = -15 + 24. Suppose 5 = 2*t - m. Calculate the remainder when 13 is divided by t.
6
Suppose -t - 4 = -9. Calculate the remainder when 7 is divided by t.
2
Suppose -5*u = -0*u - 80. Let b(t) = t**2 + 13. What is the remainder when b(4) is divided by u?
13
Let g be ((-27)/(-15))/(2/10). Let s = 31 - g. What is the remainder when s is divided by 12?
10
Let a(y) = y**3 - 4*y**2 + 3*y - 9. What is the remainder when 8 is divided by a(4)?
2
Suppose 0 = -4*n + 146 - 34. Suppose d - 15 = -0*d. What is the remainder when n is divided by d?
13
Suppose 0*p - 44 = -4*p. What is the remainder when p is divided by 3?
2
Let a = -30 + 21. Calculate the remainder when (-92)/a + (-4)/18 is divided by 3.
1
Suppose -d - 32 = d. Suppose 3*y + 3 = 0, 0*f - 224 = -3*f - 4*y. What is the remainder when f is divided by (78/4)/((-12)/d)?
24
Let z(r) = -5*r - 2*r - 7*r. What is the remainder when 53 is divided by z(-1)?
11
Let a(w) = 2*w**3 - 12*w**2 + 6*w - 1. Suppose -3*y - 15 = -3*m, 5*m - 3*y - 33 = -0. What is the remainder when a(6) is divided by m?
8
Let v = 169 - 78. Let l be (-317)/5 - (-6)/15. Let k = l + v. Calculate the remainder when k is divided by 15.
13
Suppose -5 = -2*n + 1. Suppose -n*h = -5*h. Suppose -2*y + 86 = -h*y. What is the remainder when y is divided by 15?
13
Let r be 1 - -45 - (2 + -1). What is the remainder when (-2)/9 - (-1045)/r is divided by (51/9 + -3)*3?
7
Let b be (-2*1)/(2/(-15)). Let i = b - 5. Calculate the remainder when (-32)/(-24)*(-27)/(-2) is divided by i.
8
Let d(v) be the second derivative of -5*v**3/2 + v**2/2 - v. What is the remainder when 30 is divided by d(-1)?
14
Let q(a) = a - 9. What is the remainder when 16 is divided by q(16)?
2
Let h = -15 - -26. Suppose -5*i + 51 - 16 = 0. Calculate the remainder when h is divided by i.
4
Let p = 2 - 2. Suppose 3*q - 7 - 14 = p. What is the remainder when 13 is divided by q?
6
Suppose 0 = s - 21. What is the remainder when s is divided by 12?
9
Let d = 9 + -5. Let c be (10/(-3))/((-2)/3). Let b = c + 1. What is the remainder when b is divided by d?
2
Let o be -33 - (-2)/2 - -2. Let y = -16 - o. Calculate the remainder when 1 + 1 + -1 + y is divided by 8.
7
What is the remainder when 36 is divided by ((-20)/(-2))/(24 - 23)?
6
What is the remainder when 66 is divided by 23 + (-3 + 3)/(-4)?
20
Let n(b) = b**2 - 8*b + 6. Calculate the remainder when n(16) is divided by 34.
32
Let l = 3 + 0. Let c(u) = 12*u**3 - u + 1. What is the remainder when 22 - (0 + -3 + l) is divided by c(1)?
10
Let i = 24 + -12. Calculate the remainder when 71 is divided by i.
11
Let m = 55 + -43. Calculate the remainder when 155 is divided by m.
11
Let z = 87 - 23. Suppose 14*k - 18*k + z = 0. Calculate the remainder when k is divided by (-8)/28 - (-88)/14.
4
Suppose 14 = b - 37. Suppose 3*d = b - 3. Suppose 0 = -2*m + m + 31. Calculate the remainder when m is divided by d.
15
Let x(f) = 2 - 2*f + f**2 + 0 + 2 + 1. Calculate the remainder when 59 is divided by x(5).
19
Let u(d) = -d**2 - d. Let c(j) = -j**3 - j**2 + 5*j - 1. Let f(i) = -c(i) - 2*u(i). What is the remainder when f(-3) is divided by 6?
4
Suppose b + b = 12. Suppose b*i - 4*i - 8 = 0. Suppose 9 = 2*x + l, -i*x - x = 4*l - 18. Calculate the remainder when 11 is divided by x.
5
Suppose 5*k - 15 = 2*k, 2*v - 3*k - 115 = 0. Suppose 15 = 4*x - v. What is the remainder when x is divided by 7?
6
Let s(c) = -c**3 - 4*c**2 - 3*c + 1. Suppose 24 + 9 = -2*d - 5*b, 0 = 4*b + 20. Let m(i) = 26*i - 1. What is the remainder when m(1) is divided by s(d)?
12
Let l = 13 + 3. What is the remainder when 141 is divided by l?
13
Let s = 32 + -28. Suppose -4*h - 4 = -24. Calculate the remainder when h is divided by s.
1
Let b(p) = p - 3. Let f(i) = -3. Let u(a) = 5*b(a) - 6*f(a). Suppose w = -2*w + 36. Calculate the remainder when u(4) is divided by w.
11
Let v = -37 + 16. Calculate the remainder when (-404)/(-28) + 9/v is divided by 4.
2
Let v(b) be the third derivative of 31*b**6/60 + 2*b**2. Let n = 67 + -46. What is the remainder when v(1) is divided by n?
20
Let j = 45 + -28. What is the remainder when j is divided by 5?
2
Suppose -24 = -10*z + 986. What is the remainder when z is divided by 52?
49
Suppose 0 = 4*k - 9*k + 175. What is the remainder when 69 is divided by k?
34
Let r = -169 + 242. Calculate the remainder when r is divided by 19.
16
Suppose -3*o + 5*u = -0*o + 41, 4*o + 2*u + 46 = 0. Let j = 1 - -1. What is the remainder when 30 is divided by (-194)/o - j/12?
14
Suppose 4*i = -2 - 6, 0 = -3*q + 4*i + 44. What is the remainder when q is divided by 5?
2
Let n(p) = p**3 - 7*p**2 + 2*p. What is the remainder when n(7) is divided by 5?
4
What is the remainder when 328/14 + (-42)/98 is divided by 13?
10
Suppose -5*i - 5*i = -220. Calculate the remainder when i is divided by 8.
6
Suppose -5*g = -2*b - 4, -9 + 1 = 2*g - 4*b. Suppose 0 = g*o - 0*o - 6. Let j = 6 - o. What is the remainder when 7 is divided by j?
1
Suppose -5*y + 0*a - 4*a + 255 = 0, -168 = -4*y + 4*a. Let v(l) = 7*l**2 + 3*l + 2. Calculate the remainder when y is divided by v(-2).
23
Suppose 6*c = c + 2*v + 85, 0 = 3*c + 4*v - 25. Calculate the remainder when 71 is divided by c.
11
Let x(t) = -t**3 - t**2 + 27. Let g be x(0). Suppose -71 = -2*a + g. Calculate the remainder when a is divided by 13.
10
Suppose 5*c = 3*c - 12. What is the remainder when c*(-2 - (-10)/(-6)) is divided by (3/(-1))/(1/(-4))?
10
Suppose 5*j = -2*j + 105. Calculate the remainder when 58 is divided by j.
13
What is the remainder when 99 is divided by 0 + (-83)/(-5) - (-28)/70?
14
What is the remainder when 53 is divided by (4 + (-1)/2)*(-120)/(-21)?
13
Suppose 63*c + 115 = 68*c. What is the remainder when 112 is divided by c?
20
Suppose 5*g = 3*m + 40, g + 5 = -2*m - 0*m. Let v = g - 8. Calculate the remainder when 7 is divided by ((-12)/2)/v + 2.
3
What is the remainder when (-2)/(-7) - (-3280)/(-35)*-1 is divided by 48?
46
Let s = 10 - -10. What is the remainder when s is divided by 11?
9
Suppose -4*f + 9*f = -5*h + 160, 5*h = 20. Calculate the remainder when 193 is divided by f.
25
Suppose 3*d = 4*f + 117, 36 = d - f - 2. Let p = 6 + -4. Calculate the remainder when d is divided by (0 + 4)*9/p.
17
Suppose 3*y - 2*y + 18 = 3*f, -f + 5 = 0. Calculate the remainder when 3 is divided by (3 - (-8)/y)*6.
1
Suppose 1320 = 4*d + d. Calculate the remainder when 42 is divided by (d/(-30))/(4/(-10)).
20
Let n = -45 + 106. What is the remainder when n is divided by 31?
30
Let t = 11 - 9. Suppose 4*p = -t + 14. What is the remainder when 7 is divided by p?
1
Let n(u) = 0 - 4 + 3*u - u - 5*u. Calculate the remainder when n(-7) is divided by 6.
5
Let n = -1 + 6. Let x(d) = d + 7. Let l be x(0). Suppose -3*b = -3*s - l*b + 58, 60 = 4*s + b. What is the remainder when s is divided by n?
4
Let o be 0 + 0/(9/(-3)). Suppose o*f = -2*f + 6. Suppose 2*d - 3*z = -0*d + 27, f*d + 2*z - 21 = 0. What is the remainder when 15 is divided by d?
6
Let z(n) = -n + 3. Let w be z(6). Calculate the remainder when (-120)/(-25)*(-10)/w is divided by (-5 + -1)*(-9)/6.
7
Suppose -3*v = -v - 30. Calculate the remainder when 43 is divided by v.
13
Suppose -36 = -2*z - z - 5*n, 2*z - 22 = -4*n. Suppose -2*t - 18 = -4*t. What is the remainder when z is divided by 6/t - 75/(-9)?
8
Let i(j) = 16*j**2 + 2*j - 1. Calculate the remainder when (-2)/(-6) - (-292)/6 is divided by i(1).
15
Calculate the remainder when (-381)/(-15) - (-4)/(-10) is divided by (72/16)/((-2)/(-4)).
7
Suppose -4 = -2*h, 3*v - h + 2*h = 8. Let d(c) be the first derivative of 7*c**3/3 - c**2 + 2. What is the remainder when d(v) is divided by 13?
11
Let d(g) = 7*g + 7. Let i be d(-5). Let l 